d by 117?
113
What is the remainder when 1063 is divided by 28?
27
What is the remainder when 638 is divided by 10?
8
Calculate the remainder when 1063 is divided by 370.
323
What is the remainder when 342 is divided by 66?
12
Calculate the remainder when 77 is divided by 16.
13
What is the remainder when 6138 is divided by 74?
70
Calculate the remainder when 7 is divided by 3.
1
Calculate the remainder when 255 is divided by 12.
3
Calculate the remainder when 2431 is divided by 19.
18
Calculate the remainder when 11708 is divided by 5854.
0
What is the remainder when 2335 is divided by 123?
121
What is the remainder when 1748 is divided by 10?
8
What is the remainder when 255 is divided by 50?
5
Calculate the remainder when 150 is divided by 48.
6
Calculate the remainder when 505 is divided by 91.
50
Calculate the remainder when 658 is divided by 60.
58
Calculate the remainder when 1194 is divided by 133.
130
Calculate the remainder when 208 is divided by 43.
36
What is the remainder when 33 is divided by 20?
13
Calculate the remainder when 411 is divided by 29.
5
What is the remainder when 142 is divided by 18?
16
Calculate the remainder when 508 is divided by 34.
32
Calculate the remainder when 280 is divided by 17.
8
What is the remainder when 254 is divided by 3?
2
Calculate the remainder when 612 is divided by 13.
1
What is the remainder when 333 is divided by 7?
4
What is the remainder when 1020 is divided by 31?
28
Calculate the remainder when 176 is divided by 5.
1
Calculate the remainder when 2201 is divided by 130.
121
Calculate the remainder when 229 is divided by 8.
5
What is the remainder when 6716 is divided by 120?
116
Calculate the remainder when 136 is divided by 12.
4
Calculate the remainder when 292 is divided by 178.
114
Calculate the remainder when 232 is divided by 16.
8
Calculate the remainder when 1445 is divided by 12.
5
Calculate the remainder when 339 is divided by 34.
33
What is the remainder when 146 is divided by 45?
11
What is the remainder when 625 is divided by 21?
16
What is the remainder when 3370 is divided by 135?
130
What is the remainder when 1636 is divided by 58?
12
What is the remainder when 1726 is divided by 48?
46
What is the remainder when 606 is divided by 76?
74
Calculate the remainder when 38 is divided by 30.
8
Calculate the remainder when 186 is divided by 29.
12
What is the remainder when 76 is divided by 11?
10
What is the remainder when 63 is divided by 31?
1
What is the remainder when 320 is divided by 36?
32
Calculate the remainder when 1036 is divided by 39.
22
What is the remainder when 235 is divided by 37?
13
What is the remainder when 1023 is divided by 41?
39
Calculate the remainder when 642 is divided by 147.
54
What is the remainder when 191 is divided by 22?
15
Calculate the remainder when 17 is divided by 10.
7
What is the remainder when 302 is divided by 99?
5
What is the remainder when 1336 is divided by 347?
295
Calculate the remainder when 4652 is divided by 86.
8
What is the remainder when 66 is divided by 29?
8
Calculate the remainder when 1198 is divided by 21.
1
Calculate the remainder when 1297 is divided by 76.
5
Calculate the remainder when 53 is divided by 25.
3
Calculate the remainder when 528 is divided by 303.
225
Calculate the remainder when 325 is divided by 66.
61
Calculate the remainder when 4192 is divided by 1397.
1
Calculate the remainder when 795 is divided by 26.
15
What is the remainder when 318 is divided by 75?
18
What is the remainder when 405 is divided by 4?
1
What is the remainder when 991 is divided by 463?
65
What is the remainder when 112 is divided by 94?
18
Calculate the remainder when 108 is divided by 56.
52
What is the remainder when 81 is divided by 37?
7
What is the remainder when 115 is divided by 57?
1
Calculate the remainder when 38892 is divided by 19.
18
Calculate the remainder when 259 is divided by 74.
37
Calculate the remainder when 920 is divided by 25.
20
Calculate the remainder when 65 is divided by 20.
5
What is the remainder when 41 is divided by 9?
5
What is the remainder when 103 is divided by 8?
7
What is the remainder when 15 is divided by 6?
3
Calculate the remainder when 661 is divided by 265.
131
What is the remainder when 31 is divided by 7?
3
What is the remainder when 293 is divided by 74?
71
What is the remainder when 413 is divided by 46?
45
Calculate the remainder when 63 is divided by 33.
30
Calculate the remainder when 19695 is divided by 9847.
1
What is the remainder when 10676 is divided by 22?
6
Calculate the remainder when 118 is divided by 17.
16
Calculate the remainder when 192 is divided by 46.
8
What is the remainder when 357 is divided by 76?
53
Calculate the remainder when 122 is divided by 52.
18
Calculate the remainder when 19 is divided by 6.
1
What is the remainder when 55 is divided by 10?
5
Calculate the remainder when 1587 is divided by 19.
10
What is the remainder when 5442 is divided by 14?
10
Calculate the remainder when 335 is divided by 86.
77
What is the remainder when 1192 is divided by 50?
42
What is the remainder when 734 is divided by 35?
34
What is the remainder when 234 is divided by 48?
42
What is the remainder when 501 is divided by 199?
103
Calculate the remainder when 19295 is divided by 24.
23
Calculate the remainder when 62 is divided by 22.
18
What is the remainder when 317 is divided by 11?
9
Calculate the remainder when 120 is divided by 57.
6
Calculate the remainder when 351 is divided by 59.
56
Calculate the remainder when 50 is divided by 1.
0
Calculate the remainder when 37 is divided by 11.
4
What is the remainder when 991 is divided by 168?
151
Calculate the remainder when 176 is divided by 18.
14
Calculate the remainder when 1112 is divided by 31.
27
Calculate the remainder when 12919 is divided by 38.
37
What is the remainder when 3084 is divided by 63?
60
Calculate the remainder when 298 is divided by 12.
10
What is the remainder when 62 is divided by 32?
30
Calculate the remainder when 71 is divided by 37.
34
What is the remainder when 258 is divided by 11?
5
Calculate the remainder when 256 is divided by 43.
41
Calculate the remainder when 219 is divided by 113.
106
Calculate the remainder when 135 is divided by 7.
2
What is the remainder when 49 is divided by 13?
10
What is the remainder when 1207 is divided by 136?
119
Calculate the remainder when 265 is divided by 24.
1
Calculate the remainder when 321 is divided by 133.
55
Calculate the remainder when 2165 is divided by 183.
152
What is the remainder when 47 is divided by 6?
5
Calculate the remainder when 60 is divided by 53.
7
Calculate the remainder when 2217 is divided by 201.
6
Calculate the remainder when 14 is divided by 4.
2
What is the remainder when 4522 is divided by 197?
188
What is the remainder when 449 is divided by 65?
59
What is the remainder when 7435 is divided by 286?
285
Calculate the remainder when 5821 is divided by 56.
53
Calculate the remainder when 173 is divided by 47.
32
Calculate the remainder when 326 is divided by 84.
74
Calculate the remainder when 135 is divided by 51.
33
What is the remainder when 1789 is divided by 32?
29
Calculate the remainder when 440 is divided by 114.
98
Calculate the remainder when 212 is divided by 18.
14
What is the remainder when 558 is divided by 304?
254
What is the remainder when 7794 is divided by 23?
20
Calculate the remainder when 374 is divided by 27.
23
What is the remainder when 9538 is divided by 12?
10
What is the remainder when 493 is divided by 42?
31
What is the remainder when 566 is divided by 109?
21
Calculate the remainder when 335 is divided by 12.
11
What is the remainder when 728 is divided by 9?
8
Calculate the remainder when 559 is divided by 142.
133
What is the remainder when 268 is divided by 64?
12
What is the remainder when 11931 is divided by 35?
31
Calculate the remainder when 719 is divided by 342.
35
Calculate the remainder when 447 is divided by 124.
75
What is the remainder when 370 is divided by 78?
58
What is the remainder when 553 is divided by 15?
13
Calculate the remainder when 365 is divided by 93.
86
Calculate the remainder when 212 is divided by 12.
8
What is the remainder when 657 is divided by 55?
52
C